{"id":1184,"date":"2018-08-30T13:06:52","date_gmt":"2018-08-30T16:06:52","guid":{"rendered":"https:\/\/ifdbellavista-crr.infd.edu.ar\/sitio\/datos-institucionales\/"},"modified":"2023-12-15T21:44:44","modified_gmt":"2023-12-16T00:44:44","slug":"datos-institucionales","status":"publish","type":"page","link":"https:\/\/ifdbellavista-crr.infd.edu.ar\/sitio\/datos-institucionales\/","title":{"rendered":"Datos institucionales"},"content":{"rendered":"\n<div class=\"wp-block-group is-layout-flow\"><div class=\"wp-block-group__inner-container\">\n<h3><span style=\"font-family: verdana; font-size: 12pt;\"><strong>\u00a0<\/strong><em>INSTITUTO SUPERIOR DE FORMACI\u00d3N DOCENTE BELLA VISTA<\/em><\/span><\/h3>\n<blockquote>\n<p><strong><span style=\"font-family: verdana; font-size: 12pt;\">Horarios de atenci\u00f3n:<\/span><\/strong><\/p>\n<p><strong>Turno ma\u00f1ana:<\/strong> de 07:30 a 12:30 hs.<\/p>\n<p><strong>Turno tarde:<\/strong> de 13:30 a 18:30 hs.<\/p>\n<p><strong>Turno noche:<\/strong> de 18:30 a 23:30 hs.<\/p>\n<ul>\n<li><span style=\"font-family: verdana; font-size: 12pt;\"><strong>Direcci\u00f3n: <\/strong>ENTRE R\u00cdOS 898<\/span><\/li>\n<li><strong>E-mail:<\/strong> isfdbellavista@gmail.com<\/li>\n<li>https:\/\/www.facebook.com\/profile.php?id=100063848386361&amp;mibextid=ZbWKwL<\/li>\n<\/ul>\n<p><strong>SUB SEDE 9 de Julio<\/strong><\/p>\n<ul>\n<li><strong>Horarios de atenci\u00f3n:<\/strong><\/li>\n<\/ul>\n<p><strong>Turno noche:<\/strong> de 18:30 a 23:30 hs.<\/p>\n<ul>\n<li><strong>Direcci\u00f3n: <\/strong>Belgrano e Ignacio Ojeda S\/N (Escuela Primaria N\u00b0 137 \u00abPedro Benjam\u00edn\u00a0Serrano\u00bb)<\/li>\n<\/ul>\n<ul>\n<li><span style=\"font-family: verdana; font-size: 12pt;\"><strong>E-mail:<\/strong> isfdbellavista@gmail.com<\/span><\/li>\n<\/ul>\n<\/blockquote>\n<\/div><\/div>\n","protected":false},"excerpt":{"rendered":"<p>\u00a0INSTITUTO SUPERIOR DE FORMACI\u00d3N DOCENTE BELLA VISTA Horarios de atenci\u00f3n: Turno ma\u00f1ana: de 07:30 a 12:30 hs. Turno tarde: de 13:30 a 18:30 hs. Turno noche: de 18:30 a 23:30 hs. Direcci\u00f3n: ENTRE R\u00cdOS 898 E-mail: isfdbellavista@gmail.com https:\/\/www.facebook.com\/profile.php?id=100063848386361&amp;mibextid=ZbWKwL SUB SEDE 9 de Julio Horarios de atenci\u00f3n: Turno noche: de 18:30 a 23:30 hs. Direcci\u00f3n: Belgrano &#8230; <a title=\"Datos institucionales\" class=\"read-more\" href=\"https:\/\/ifdbellavista-crr.infd.edu.ar\/sitio\/datos-institucionales\/\" aria-label=\"More on Datos institucionales\">[+]<\/a><\/p>\n","protected":false},"author":854,"featured_media":0,"parent":0,"menu_order":0,"comment_status":"closed","ping_status":"closed","template":"","meta":[],"acf":[],"_links":{"self":[{"href":"https:\/\/ifdbellavista-crr.infd.edu.ar\/sitio\/wp-json\/wp\/v2\/pages\/1184"}],"collection":[{"href":"https:\/\/ifdbellavista-crr.infd.edu.ar\/sitio\/wp-json\/wp\/v2\/pages"}],"about":[{"href":"https:\/\/ifdbellavista-crr.infd.edu.ar\/sitio\/wp-json\/wp\/v2\/types\/page"}],"author":[{"embeddable":true,"href":"https:\/\/ifdbellavista-crr.infd.edu.ar\/sitio\/wp-json\/wp\/v2\/users\/854"}],"replies":[{"embeddable":true,"href":"https:\/\/ifdbellavista-crr.infd.edu.ar\/sitio\/wp-json\/wp\/v2\/comments?post=1184"}],"version-history":[{"count":7,"href":"https:\/\/ifdbellavista-crr.infd.edu.ar\/sitio\/wp-json\/wp\/v2\/pages\/1184\/revisions"}],"predecessor-version":[{"id":1816,"href":"https:\/\/ifdbellavista-crr.infd.edu.ar\/sitio\/wp-json\/wp\/v2\/pages\/1184\/revisions\/1816"}],"wp:attachment":[{"href":"https:\/\/ifdbellavista-crr.infd.edu.ar\/sitio\/wp-json\/wp\/v2\/media?parent=1184"}],"curies":[{"name":"wp","href":"https:\/\/api.w.org\/{rel}","templated":true}]}}

<div class="wp-block-group is-layout-flow"><div class="wp-block-group__inner-container">
<h3><span style="font-family: verdana; font-size: 12pt;"><strong> </strong><em>INSTITUTO SUPERIOR DE FORMACIÓN DOCENTE BELLA VISTA</em></span></h3>
<blockquote>
<p><strong><span style="font-family: verdana; font-size: 12pt;">Horarios de atención:</span></strong></p>
<p><strong>Turno mañana:</strong> de 07:30 a 12:30 hs.</p>
<p><strong>Turno tarde:</strong> de 13:30 a 18:30 hs.</p>
<p><strong>Turno noche:</strong> de 18:30 a 23:30 hs.</p>
<ul>
<li><span style="font-family: verdana; font-size: 12pt;"><strong>Dirección: </strong>ENTRE RÍOS 898</span></li>
<li><strong>E-mail:</strong> isfdbellavista@gmail.com</li>
<li>https://www.facebook.com/profile.php?id=100063848386361&amp;mibextid=ZbWKwL</li>
</ul>
<p><strong>SUB SEDE 9 de Julio</strong></p>
<ul>
<li><strong>Horarios de atención:</strong></li>
</ul>
<p><strong>Turno noche:</strong> de 18:30 a 23:30 hs.</p>
<ul>
<li><strong>Dirección: </strong>Belgrano e Ignacio Ojeda S/N (Escuela Primaria N° 137 «Pedro Benjamín Serrano»)</li>
</ul>
<ul>
<li><span style="font-family: verdana; font-size: 12pt;"><strong>E-mail:</strong> isfdbellavista@gmail.com</span></li>
</ul>
</blockquote>
</div></div>

<p> INSTITUTO SUPERIOR DE FORMACIÓN DOCENTE BELLA VISTA Horarios de atención: Turno mañana: de 07:30 a 12:30 hs. Turno tarde: de 13:30 a 18:30 hs. Turno noche: de 18:30 a 23:30 hs. Dirección: ENTRE RÍOS 898 E-mail: isfdbellavista@gmail.com https://www.facebook.com/profile.php?id=100063848386361&amp;mibextid=ZbWKwL SUB SEDE 9 de Julio Horarios de atención: Turno noche: de 18:30 a 23:30 hs. Dirección: Belgrano &#8230; <a title="Datos institucionales" class="read-more" href="https://ifdbellavista-crr.infd.edu.ar/sitio/datos-institucionales/" aria-label="More on Datos institucionales">[+]</a></p>
