{"id":1484,"date":"2021-09-30T20:50:55","date_gmt":"2021-09-30T23:50:55","guid":{"rendered":"https:\/\/ifdbellavista-crr.infd.edu.ar\/sitio\/?page_id=1484"},"modified":"2024-02-11T10:21:39","modified_gmt":"2024-02-11T13:21:39","slug":"preguntas-frecuentes-2","status":"publish","type":"page","link":"https:\/\/ifdbellavista-crr.infd.edu.ar\/sitio\/preguntas-frecuentes-2\/","title":{"rendered":"PREGUNTAS FRECUENTES"},"content":{"rendered":"\n<p><strong>1)<\/strong>&nbsp; <strong>\u00bfCu\u00e1l es el horario de atenci\u00f3n del ISFD Bella Vista?<\/strong><\/p>\n\n\n\n<ul>\n<li><strong>Turno ma\u00f1ana:<\/strong> de 07:30 a 12:30 hs<\/li>\n\n\n\n<li><strong>Turno tarde:<\/strong> de 13:30 a 18:30 hs.<\/li>\n\n\n\n<li><strong>Turno noche:<\/strong> de 18:30 a 23:30 hs.<\/li>\n<\/ul>\n\n\n\n<p><strong>2)<\/strong>&nbsp; <strong>\u00bfCu\u00e1l es el n\u00famero de tel\u00e9fono del instituto?<\/strong><\/p>\n\n\n\n<p>Celular: 3777-739379<\/p>\n\n\n\n<p><strong>3)<\/strong>&nbsp; <strong>\u00bfCu\u00e1les son los medios de comunicaci\u00f3n del instituto?<\/strong><\/p>\n\n\n\n<p><strong>Para alumnos:<\/strong> alumnadoisfdbellavista@gmail.com<\/p>\n\n\n\n<p><strong>Para t\u00edtulos o pases:<\/strong> titulosisfdbellavista@gmail.com<\/p>\n\n\n\n<p><strong>Para comunicarse con rectorado:<\/strong>: isfdbellavista@gmail.com<\/p>\n\n\n\n<p><strong>Comunicados para estudiantes y profesores en general:<\/strong><\/p>\n\n\n\n<p>Facebook: <a rel=\"noreferrer noopener\" href=\"https:\/\/www.facebook.com\/IFD-Bella-VIsta-201405976887252\" data-type=\"URL\" data-id=\"https:\/\/www.facebook.com\/IFD-Bella-VIsta-201405976887252\" target=\"_blank\">Ifdbellavista<\/a> o Telegram:<a rel=\"noreferrer noopener\" href=\"https:\/\/t.me\/ISFDBELLAVISTA\" data-type=\"URL\" data-id=\"https:\/\/t.me\/ISFDBELLAVISTA\" target=\"_blank\">ISFDBELLAVISTA <\/a>y grupos de WhatsApp de cada carrera. <\/p>\n\n\n\n<p>4)&nbsp; <strong>\u00bfCu\u00e1les son las carreras de la oferta acad\u00e9mica 2024?<\/strong><\/p>\n\n\n\n<p><strong>Profesorados (4 a\u00f1os):<\/strong><\/p>\n\n\n\n<p>Profesorado de Educaci\u00f3n Secundaria en Qu\u00edmica ( Turno ma\u00f1ana) <\/p>\n\n\n\n<p>Profesorado en Historia (Turno ma\u00f1ana) <\/p>\n\n\n\n<p>Profesorado de Educaci\u00f3n Secundaria en Lengua y Literatura (Turno noche) <\/p>\n\n\n\n<p>Profesorado de Educaci\u00f3n Secundaria en Biolog\u00eda (Turno ma\u00f1ana) <\/p>\n\n\n\n<p>Profesorado de Educaci\u00f3n Secundaria en Matem\u00e1ticas (Turno tarde) <\/p>\n\n\n\n<p>Profesorado de Educaci\u00f3n Secundaria en Educaci\u00f3n F\u00edsica ( Turno tarde) <\/p>\n\n\n\n<p>Profesorado de Ingl\u00e9s ( Turno tarde) <\/p>\n\n\n\n<p><strong>Tecnicaturas<\/strong> (3 a\u00f1os):<\/p>\n\n\n\n<p>Tecnicatura en Dise\u00f1o Gr\u00e1fico y Multimedia ( Turno tarde) <\/p>\n\n\n\n<p><\/p>\n\n\n\n<p>Tecnicatura en Tecnolog\u00eda de los Alimentos ( Turno noche) <\/p>\n\n\n\n<p>Tecnicatura en Producci\u00f3n Frutihort\u00edcola (Turno tarde)<\/p>\n\n\n\n<p>Tecnicatura en Infraestructura inform\u00e1tica ( Turno noche) <\/p>\n\n\n\n<p>Tecnicatura Superior en Turismo ( Turno noche)<\/p>\n\n\n\n<p><\/p>\n\n\n\n<p><strong>Capacitaciones:<\/strong><\/p>\n\n\n\n<p>Capacitaci\u00f3n en Dibujo y Pintura (2 a\u00f1os y medio)<\/p>\n\n\n\n<p>Capacitaci\u00f3n en Lengua Ingl\u00e9s (3 a\u00f1os)<\/p>\n\n\n\n<p>Capacitaci\u00f3n en M\u00fasica (5 a\u00f1os)<\/p>\n\n\n\n<p>Capacitaci\u00f3n en Lengua Portuguesa&nbsp;(3 a\u00f1os)<\/p>\n\n\n\n<p>5)&nbsp; &nbsp; &nbsp; <strong>\u00bfCu\u00e1ndo me puedo inscribir en las carreras que ofrece el instituto?<\/strong><\/p>\n\n\n\n<p>La fecha para inscribirte en una carrera para el Ciclo Lectivo 2024 es desde el 07 al 14 de febrero de 2024 a trav\u00e9s de <a rel=\"noreferrer noopener\" href=\"http:\/\/simaeducativa.mec.gob.ar\/ingresantes\/\" target=\"_blank\">http:\/\/simaeducativa.mec.gob.ar\/ingresantes\/<\/a><\/p>\n\n\n\n<p><strong>6)<\/strong>&nbsp; &nbsp; &nbsp; <strong>&nbsp;\u00bfQu\u00e9 documentaci\u00f3n debo presentar para completar la inscripci\u00f3n a una carrera?<\/strong><\/p>\n\n\n\n<p><strong>Profesorados y Tecnicaturas:<\/strong><\/p>\n\n\n\n<p>Fotocopia de DNI (Anverso y reverso)<\/p>\n\n\n\n<p>Fotocopia autenticada de t\u00edtulo, constancia de t\u00edtulo en tr\u00e1mite (profesorados y tecnicaturas)<\/p>\n\n\n\n<p>Certificado de buena conducta (profesorados y tecnicaturas)<\/p>\n\n\n\n<p>Certificado de Buena Salud expedido por Salud P\u00fablica. Puede descargar el formulario del siguiente enlace:<\/p>\n\n\n\n<p><a href=\"https:\/\/drive.google.com\/drive\/folders\/1RapH6Y2Cj4ko-92E20KK4fP7MEk8mGtc?usp=drive_link\">https:\/\/drive.google.com\/drive\/folders\/1RapH6Y2Cj4ko-92E20KK4fP7MEk8mGtc?usp=drive_link<\/a><\/p>\n\n\n\n<p>Certificado de nacimiento<\/p>\n\n\n\n<p> 2 fotos 4 x 4<\/p>\n\n\n\n<p>Para el profesorado de Educaci\u00f3n F\u00edsica se solicita la aptitud Aptitud F\u00edsica Complementaria de la Carrera que puede descargar del siguiente enlace:<\/p>\n\n\n\n<p><a href=\"https:\/\/drive.google.com\/drive\/folders\/1RapH6Y2Cj4ko-92E20KK4fP7MEk8mGtc?usp=drive_link\">https:\/\/drive.google.com\/drive\/folders\/1RapH6Y2Cj4ko-92E20KK4fP7MEk8mGtc?usp=drive_link<\/a><\/p>\n\n\n\n<p><strong>Capacitaciones:<\/strong><\/p>\n\n\n\n<p><strong><em>Capacitaci\u00f3n en M\u00fasica:<\/em><\/strong><\/p>\n\n\n\n<p><strong><em>Requisitos:&nbsp; <\/em><\/strong>Tener 10 a\u00f1os cumplidos o cursar quinto grado<\/p>\n\n\n\n<p><strong>Documentaci\u00f3n a presentar:<\/strong><\/p>\n\n\n\n<p>\u00b7 &nbsp; &nbsp; &nbsp; &nbsp; Carpeta cual es.<\/p>\n\n\n\n<p>\u00b7 &nbsp; &nbsp; &nbsp; &nbsp; 2 Fotos 4&#215;4<\/p>\n\n\n\n<p>\u00b7 &nbsp; &nbsp; &nbsp; &nbsp; Folio tama\u00f1o oficio<\/p>\n\n\n\n<p>\u00b7 &nbsp; &nbsp; &nbsp; &nbsp; Fotocopia de DNI (Anverso y reverso)<\/p>\n\n\n\n<p>\u00b7 &nbsp; &nbsp; &nbsp; &nbsp; Fotocopia Partida de Nacimiento<\/p>\n\n\n\n<p>\u00b7 &nbsp; &nbsp; &nbsp; &nbsp; Certificado de Buena Conducta expedido por la Polic\u00eda de Corrientes (Solo si es mayor de 18 a\u00f1os)<\/p>\n\n\n\n<p>\u00b7 &nbsp; &nbsp; &nbsp; &nbsp; Certificado de Buena Salud expedido por Salud P\u00fablica. Puede descargar el formulario del siguiente enlace:<\/p>\n\n\n\n<p><a href=\"https:\/\/drive.google.com\/drive\/folders\/1RapH6Y2Cj4ko-92E20KK4fP7MEk8mGtc?usp=drive_link\">https:\/\/drive.google.com\/drive\/folders\/1RapH6Y2Cj4ko-92E20KK4fP7MEk8mGtc?usp=drive_link<\/a><\/p>\n\n\n\n<p><strong><em>Capacitaci\u00f3n en Dibujo y Pintura, Lengua Portuguesa o Lengua Inglesa.<\/em><\/strong><\/p>\n\n\n\n<p>\u00b7 &nbsp; &nbsp; &nbsp; &nbsp; <strong><em>Requisitos: &nbsp; <\/em><\/strong>Haber finalizado el Ciclo B\u00e1sico del Nivel Secundario<\/p>\n\n\n\n<p>\u00b7 &nbsp; &nbsp; &nbsp; &nbsp; <strong>Documentaci\u00f3n a presentar:<\/strong><\/p>\n\n\n\n<p>\u00b7 &nbsp; &nbsp; &nbsp; &nbsp; Constancia de aprobaci\u00f3n de Ciclo B\u00e1sico de Nivel Secundario<\/p>\n\n\n\n<p>\u00b7 &nbsp; &nbsp; &nbsp; &nbsp; 2 Fotos  4&#215;4<\/p>\n\n\n\n<p>\u00b7 &nbsp; &nbsp; &nbsp; &nbsp; Folio tama\u00f1o oficio<\/p>\n\n\n\n<p>\u00b7 &nbsp; &nbsp; &nbsp; &nbsp; Fotocopia de DNI (Anverso y reverso)<\/p>\n\n\n\n<p>\u00b7 &nbsp; &nbsp; &nbsp; &nbsp; Fotocopia Partida de Nacimiento<\/p>\n\n\n\n<p>\u00b7 &nbsp; &nbsp; &nbsp; &nbsp; Certificado de Buena Conducta expedido por la Polic\u00eda de Corrientes (Solo si es mayor de 18 a\u00f1os)<\/p>\n\n\n\n<p>\u00b7 &nbsp;Certificado de Buena Salud expedido por Salud P\u00fablica. Puede descargar el formulario del siguiente enlace:<\/p>\n\n\n\n<p><a href=\"https:\/\/drive.google.com\/drive\/folders\/1RapH6Y2Cj4ko-92E20KK4fP7MEk8mGtc?usp=drive_link\">https:\/\/drive.google.com\/drive\/folders\/1RapH6Y2Cj4ko-92E20KK4fP7MEk8mGtc?usp=drive_link<\/a><\/p>\n\n\n\n<p>7)&nbsp; &nbsp; &nbsp; <strong>&nbsp;\u00bfCu\u00e1ndo inician las clases y d\u00f3nde se publican las fechas?<\/strong><\/p>\n\n\n\n<p>Las clases inician de acuerdo al calendario acad\u00e9mico emitido por el Ministerio de Educaci\u00f3n Provincial&nbsp; para los profesorados, tecnicaturas y desde el a\u00f1o 2021 para las capacitaciones. Para el ciclo lectivo 2024 t<strong>odas las carreras inician las clases el 18 de marzo de 2024<\/strong>. Las fechas se publican por todos los medios oficiales del instituto (Ver pregunta 3)<\/p>\n\n\n\n<p><mark style=\"background-color:rgba(0, 0, 0, 0)\" class=\"has-inline-color has-black-color\">Tenga en cuenta que en el caso de los ingresantes a primer a\u00f1o deben realizar el curso introductorio  de manera presencial en el ISFD Bella Vista, antes del inicio de clases, en el turno correspondiente a cada carrera y presentar la documentaci\u00f3n solicitada para quedar efectivamente inscripto\/a en la carrera. <\/mark><\/p>\n\n\n\n<p>8)&nbsp; &nbsp; &nbsp; <strong>\u00bfD\u00f3nde me inscribo para comenzar a cursar una carrera?<\/strong><\/p>\n\n\n\n<p>A trav\u00e9s de sima educativa en el cat\u00e1logo de carreras:<\/p>\n\n\n\n<p><a href=\"http:\/\/simaeducativa.mec.gob.ar\/ingresantes\/\">http:\/\/simaeducativa.mec.gob.ar\/ingresantes\/<\/a><\/p>\n\n\n\n<p><strong>9) \u00bfEl curso introductorio es obligatorio y excluyente ?<\/strong><\/p>\n\n\n\n<p>El curso introductorio no es excluyente pero si es obligatorio cursarlo.<\/p>\n\n\n\n<p><strong>10) Si me inscrib\u00ed en una capacitaci\u00f3n, \u00bf debo realizar el curso introductorio<\/strong> ? <\/p>\n\n\n\n<p>No. El curso introductorio solo es obligatorio para los profesorados y tecnicaturas.   Una vez que te hayas inscripto para curar la capacitaci\u00f3n y hayas presentado la documentaci\u00f3n requerida debes iniciar el cursado en la fecha estipulada para el inicio de clases. <\/p>\n\n\n\n<p>10)\u00a0<strong>\u00bfCon qui\u00e9n me comunico si no puedo ingresar al aula virtual si ya soy estudiante de alguna carrera?<\/strong><\/p>\n\n\n\n<p>Debe escribir a alumnadoisfdbellavista@gmail.com detallando sus datos: Mail, DNI, nombre completo y carrera que cursa. Siempre y cuando el docente habilite el aula virtual como opci\u00f3n de cursado.<\/p>\n\n\n\n<p><strong>10)<\/strong>&nbsp; <strong>\u00bfC\u00f3mo hago para obtener una constancia de examen o de alumno regular?<\/strong><\/p>\n\n\n\n<p>Debe ingresar en su modulo alumno en SIMA Educativa y descargarla.<\/p>\n\n\n\n<p><a href=\"http:\/\/simaeducativa.mec.gob.ar\/modulo\/alumno\/?bv\">http:\/\/simaeducativa.mec.gob.ar\/modulo\/alumno\/?bv<\/a><\/p>\n\n\n\n<p><strong>11) \u00bfPor qu\u00e9 debo matricularme?<\/strong><\/p>\n\n\n\n<p>Debes matricularte para seguir como alumno regular en una carrera todos los a\u00f1os en la fecha correspondiente. Curses o no materias, la matriculaci\u00f3n es muy importante para realizar cualquier tr\u00e1mite administrativo  como estudiante de la carrera en la que est\u00e1s inscripto\/a.<\/p>\n\n\n\n<p><strong>12) \u00bfQui\u00e9nes deben matricularse?<\/strong><\/p>\n\n\n\n<p>Todos los estudiantes de todas las carreras  a excepci\u00f3n de los aspirantes a primer a\u00f1o. <\/p>\n\n\n\n<p><strong>13) \u00bfCu\u00e1ndo debo matricularme?<\/strong><\/p>\n\n\n\n<p>Las fechas de <strong>matriculaci\u00f3n <\/strong>est\u00e1n establecidas por calendario escolar. La fecha para el ciclo lectivo 2024 es del 11 al 15 de marzo de 2024 y se debe realizar el tr\u00e1mite a trav\u00e9s del m\u00f3dulo alumno en SIMA Educativa. Los aspirantes a primer a\u00f1o no deben realizar esta operaci\u00f3n. <\/p>\n\n\n\n<p><strong>14) \u00bfQu\u00e9 pasa si no me matriculo?<\/strong><\/p>\n\n\n\n<p>No ser\u00e1s alumno regular y no podr\u00e1s realizar ning\u00fan tipo de tr\u00e1mites administrativos como inscribirte a cursar, a rendir, solicitar constancias, etc.<\/p>\n\n\n\n<p><strong>15) \u00bfC\u00f3mo me matriculo?<\/strong><\/p>\n\n\n\n<p>En las fechas establecidas por calendario escolar en el m\u00f3dulo alumno en SIMA Educativa. La matriculaci\u00f3n se realiza un vez al a\u00f1o y es un tr\u00e1mite obligatorio para los estudiantes de todas las carreras. <\/p>\n\n\n\n<p><a href=\"http:\/\/simaeducativa.mec.gob.ar\/modulo\/alumno\/?bv\" target=\"_blank\" rel=\"noreferrer noopener\">http:\/\/simaeducativa.mec.gob.ar\/modulo\/alumno\/?bv<\/a><\/p>\n\n\n\n<p><strong>16) \u00bfSi soy ingresante en una carrera 2024 debo matricularme?<\/strong><\/p>\n\n\n\n<p> No. Los ingresantes a las carreras se matriculan de forma autom\u00e1tica cuando se preinscriben. Tampoco deben inscribirse en las Unidades Curriculares anuales ni del primer cuatrimestre. Sin embargo, deben inscribirse en las Unidades Curriculares del segundo cuatrimestre y matricularse en el pr\u00f3ximo Ciclo Lectivo e inscribirse en todas las Unidades Curriculares que cursar\u00e1. <\/p>\n\n\n\n<p><strong>17)<\/strong>&nbsp; <strong>\u00bfCu\u00e1ndo comienza el cursado anual, del primer o segundo cuatrimestre y cu\u00e1ndo son&nbsp; las mesas de ex\u00e1menes?<\/strong><\/p>\n\n\n\n<p>Las fechas para inscripci\u00f3n al cursado de las unidades curriculares, as\u00ed como el inicio de las clases y mesas de ex\u00e1menes de los turnos del mes de febrero-marzo, Julio y diciembre est\u00e1n establecidas por calendario escolar provincial. Los turnos de ex\u00e1menes de abril y septiembre se establecen a nivel institucional. En todos los casos se publican mediante todos los medios de difusi\u00f3n institucional (ver pregunta 3)<\/p>\n\n\n\n<p>a) <strong>Inscripci\u00f3n de aspirantes para carreras corresondientes a la oferta acad\u00e9mica 2024<\/strong><\/p>\n\n\n\n<p>Recuerde que luego de preinscribirse usted debe confirmar su inscripci\u00f3n y presentar la documentaci\u00f3n requerida para quedar efectivamente inscripto. La preinscripci\u00f3n funciona como una forma de reservar \u00abun lugar\u00bb en la carrera y se completa con la confirmaci\u00f3n de manera presencial en el IFD. <\/p>\n\n\n\n<p>b)&nbsp;<strong>Confirmaci\u00f3n de la inscripci\u00f3n y presentaci\u00f3n de documentaci\u00f3n:<\/strong>&nbsp;del 09 al 14 de febrero de 2024.<\/p>\n\n\n\n<p>c) <strong>Inscripci\u00f3n para rendir ex\u00e1menes : <\/strong>&nbsp;Ver la secci\u00f3n \u00abFechas importantes 2024\u00bb<\/p>\n\n\n\n<p><strong>g) Matriculaci\u00f3n e Inscripci\u00f3n al cursado de materias del primer cuatrimestre y anuales (No es para aspirantes, solo para estudiantes de alguna de las carreras o recursantes):&nbsp;<\/strong> del 11 al 15 de marzo de 2024.<\/p>\n\n\n\n<p><strong>18) \u00bfC\u00f3mo me inscribo al cursado de las materias anuales, del primer o segundo cuatrimestre y a las mesas de ex\u00e1menes?<\/strong><\/p>\n\n\n\n<p>Debe ingresar en su m\u00f3dulo alumno en SIMA Educativa e inscribirse en las fechas establecidas por calendario. Aclaramos que fuera de las fechas establecidas el estudiante no puede inscribirse a ex\u00e1menes ni al cursado.<\/p>\n\n\n\n<p><a href=\"http:\/\/simaeducativa.mec.gob.ar\/modulo\/alumno\/?bv\">http:\/\/simaeducativa.mec.gob.ar\/modulo\/alumno\/?bv<\/a><\/p>\n\n\n\n<p><strong>19)<\/strong>&nbsp; <strong>\u00bfC\u00f3mo solicito mi constancia anal\u00edtica?<\/strong><\/p>\n\n\n\n<p>Debe escribir a alumnadoisfdbellavista@gmail.com detallando sus datos: Mail, DNI, nombre completo y carrera que cursa. Tambi\u00e9n lo puede hacer de forma presencial. <\/p>\n\n\n\n<p><\/p>\n","protected":false},"excerpt":{"rendered":"<p>1)&nbsp; \u00bfCu\u00e1l es el horario de atenci\u00f3n del ISFD Bella Vista? 2)&nbsp; \u00bfCu\u00e1l es el n\u00famero de tel\u00e9fono del instituto? Celular: 3777-739379 3)&nbsp; \u00bfCu\u00e1les son los medios de comunicaci\u00f3n del instituto? Para alumnos: alumnadoisfdbellavista@gmail.com Para t\u00edtulos o pases: titulosisfdbellavista@gmail.com Para comunicarse con rectorado:: isfdbellavista@gmail.com Comunicados para estudiantes y profesores en general: Facebook: Ifdbellavista o Telegram:ISFDBELLAVISTA &#8230; <a title=\"PREGUNTAS FRECUENTES\" class=\"read-more\" href=\"https:\/\/ifdbellavista-crr.infd.edu.ar\/sitio\/preguntas-frecuentes-2\/\" aria-label=\"More on PREGUNTAS FRECUENTES\">[+]<\/a><\/p>\n","protected":false},"author":122,"featured_media":0,"parent":0,"menu_order":0,"comment_status":"closed","ping_status":"closed","template":"","meta":[],"acf":[],"_links":{"self":[{"href":"https:\/\/ifdbellavista-crr.infd.edu.ar\/sitio\/wp-json\/wp\/v2\/pages\/1484"}],"collection":[{"href":"https:\/\/ifdbellavista-crr.infd.edu.ar\/sitio\/wp-json\/wp\/v2\/pages"}],"about":[{"href":"https:\/\/ifdbellavista-crr.infd.edu.ar\/sitio\/wp-json\/wp\/v2\/types\/page"}],"author":[{"embeddable":true,"href":"https:\/\/ifdbellavista-crr.infd.edu.ar\/sitio\/wp-json\/wp\/v2\/users\/122"}],"replies":[{"embeddable":true,"href":"https:\/\/ifdbellavista-crr.infd.edu.ar\/sitio\/wp-json\/wp\/v2\/comments?post=1484"}],"version-history":[{"count":37,"href":"https:\/\/ifdbellavista-crr.infd.edu.ar\/sitio\/wp-json\/wp\/v2\/pages\/1484\/revisions"}],"predecessor-version":[{"id":1831,"href":"https:\/\/ifdbellavista-crr.infd.edu.ar\/sitio\/wp-json\/wp\/v2\/pages\/1484\/revisions\/1831"}],"wp:attachment":[{"href":"https:\/\/ifdbellavista-crr.infd.edu.ar\/sitio\/wp-json\/wp\/v2\/media?parent=1484"}],"curies":[{"name":"wp","href":"https:\/\/api.w.org\/{rel}","templated":true}]}}